 -n - n + 12 = -2*p. What is the highest common factor of o and n?
2
Let w(i) = 11*i**2 - i - 1. Let n be w(4). Let k be 1/(-3)*-19*3. Calculate the highest common divisor of k and n.
19
Suppose 0 = 4*s - 3*s - 11. Suppose 4*p - 37 = s. What is the greatest common divisor of p and 108?
12
Let h = 13 - 8. Suppose 40 = p - h*v, 2*p - 7 = v + 73. Let c(m) = -5*m**3 - m**2 + 1. Let l be c(-1). What is the highest common divisor of l and p?
5
Let n(v) = -v**3 - 8*v**2 + 8*v - 10. Let t be n(-9). Let g be (t - -1)/(-3 - -4). Let d be -3*((-42)/9 - g). Calculate the greatest common divisor of d and 7.
7
Suppose -2*h + 2*n = 2, 1 = -2*h + 3*n - 4. What is the greatest common divisor of 2 and h?
2
Let b(r) = r**3 - 24*r**2 + 25*r + 26. Let u be b(23). Suppose 0 = 2*i - 33 - 3. What is the greatest common factor of i and u?
18
Let g be (-381)/(-6) - 1/(-2). Let c(t) = -3*t - 2. Let r be c(-6). What is the greatest common divisor of g and r?
16
Let v = 91 - 85. Calculate the highest common factor of v and 54.
6
Suppose -3*w = w - 68. Calculate the highest common factor of w and 187.
17
Let i be 35/(-14)*(-5 + -1). Let d = -8 + i. Let j = -6 + d. What is the highest common divisor of j and 11?
1
Let m be (1 - 121)*(-1)/2. What is the greatest common divisor of m and 20?
20
Suppose 5*y - 555 = -5*s, -y + 2*y = 1. Let f be (-56)/(-26) - 26/169. Suppose -j + f*j = 10. Calculate the highest common factor of j and s.
10
Let g(y) = y + 7. Let r(b) = 2*b + 8. Let i(u) = 3*g(u) - 2*r(u). Let v be i(-10). What is the greatest common divisor of 120 and v?
15
Let y = 11 + 10. Suppose -2*u + 177 = y. Suppose -2*q = q - u. Calculate the greatest common divisor of q and 39.
13
Let n(r) = -r**2 - 8*r + 3. Suppose y - 3*z = -2*z - 10, -9 = -3*z. Let m be n(y). What is the highest common factor of 90 and m?
10
Suppose -6*t = -7*t + 21. Let s = t + 49. Let i = -15 - -22. Calculate the greatest common factor of s and i.
7
Suppose 0 = 3*i - n + 2*n - 56, 66 = 3*i + 3*n. What is the greatest common divisor of i and 17?
17
Let m(f) = -35*f - 7. Let i be m(-2). Suppose 1 = -r + 3. Suppose i = 5*q - r*q. What is the highest common factor of q and 42?
21
Let u = 110 + -40. What is the highest common divisor of 14 and u?
14
Let k(m) = -19*m + 1. Suppose -2 + 1 = s. Let z be k(s). Calculate the greatest common divisor of z and 4.
4
Suppose 8*n - 6 = 6*n. Suppose 4*z - n*z - 189 = 0. Suppose 0*w - 5*w = -105. Calculate the highest common divisor of w and z.
21
Let i = -180 - -279. What is the highest common factor of i and 11?
11
Let b = 9 - 8. Let o(y) = -y**2 - y - 1. Let x(z) = z**3 - 11*z - 9. Let i(q) = b*x(q) - 4*o(q). Let l be i(-5). What is the highest common factor of l and 1?
1
Suppose 5*k - 975 = 3*d, -4*k + d = -2*k - 391. Calculate the highest common divisor of k and 18.
18
Suppose -4*t + 24 + 72 = -3*w, -4*t - w = -112. Suppose -2*z - 3 = -5*f + 10, 5*f = -5*z + 20. What is the greatest common divisor of f and t?
3
Let z(x) be the second derivative of x**3/3 - 7*x**2/2 - x. Let r be z(6). Let a = 7 - r. Calculate the greatest common divisor of a and 22.
2
Let k be 151/4 + (-2)/(-8). Suppose 0 = -43*a + 44*a - 19. Calculate the greatest common factor of a and k.
19
Suppose l - 2*l = -48. Suppose 4*q = 2*q + 4. Let i be -3 + (4 - q) - -33. Calculate the greatest common factor of i and l.
16
Let h = 50 + -14. Suppose 0 = 2*b + 14 - 0. Let j be (-4)/14 - 170/b. Calculate the highest common divisor of h and j.
12
Suppose -3*j + 70 = 2*y, 5*y = 3*j - 0*j - 56. Let c = j + -20. Calculate the highest common factor of c and 18.
2
Let v = 34 - 20. Let w = -231 + 357. What is the highest common divisor of v and w?
14
Suppose -3*d + 5*d = 44. Let k = 23 - 12. Calculate the greatest common divisor of k and d.
11
Let v be (-4)/26 + 3132/78. What is the highest common divisor of 320 and v?
40
Suppose -2*b + 18 = -18. What is the greatest common divisor of 9 and b?
9
Let q(s) be the second derivative of -s**5/10 - s**4/2 + 2*s**3/3 - s. Let r be q(-5). What is the greatest common divisor of 20 and r?
20
Suppose c - 24 = 5*c. Let t be -3 - c - 2 - -8. Let w be (-1309)/(-63) + 2/t. What is the highest common factor of 21 and w?
21
Let o be 3/2*(-6 - -8). Let w be (-2 - -21)*o/3. What is the highest common divisor of w and 19?
19
Let t(k) = -k**2 + 6*k - 4. Let c be t(3). What is the greatest common divisor of c and 5?
5
Let o = -40 + 65. Suppose 5*c - 46 = 4. Calculate the highest common divisor of o and c.
5
Let i = -21 + 59. Let n = i - 18. What is the highest common divisor of 50 and n?
10
Let r(k) = 110*k**2 - 2*k + 7. Let c(z) = 55*z**2 - z + 4. Let s(n) = -7*c(n) + 4*r(n). Let v be s(-1). What is the highest common factor of v and 14?
14
Suppose 7 - 27 = -2*a. Let q = a + -7. Calculate the highest common divisor of q and 24.
3
Let s(r) be the third derivative of r**5/30 + r**4/3 - r**3 - r**2. Let n be s(-6). Calculate the highest common divisor of n and 6.
6
Let o be 5/(-3)*54/(-3). Suppose -4*k - 478 = -3*v, 2*v - 364 = 3*k - 3*v. Let m be (-2)/(-10) - k/10. What is the greatest common factor of o and m?
6
Suppose -3*a + 6*a - 12 = 0, -4*r + 2*a + 72 = 0. Suppose 0*s + 10 = 2*s. Calculate the greatest common divisor of r and s.
5
Let c(f) = f**2 - 2*f. Let x be c(7). Suppose -3*d = -s - x, 0*d + d + 3*s - 5 = 0. Calculate the greatest common divisor of 11 and d.
11
Suppose 0 = s - 2*s - 10. Let g be (-2 + s/(-4))*4. Suppose 3 = 3*f - 3*p, -4*p = f + g*f - 10. Calculate the highest common divisor of 22 and f.
2
Let p(q) = -12*q - 6. Let n be p(-6). Let w = -31 + 37. What is the greatest common factor of n and w?
6
Let f be (-3)/((-5)/2 + 1). Suppose -36 = -2*i - 0*i. What is the greatest common factor of f and i?
2
Suppose -27 = -p + 78. Let j be (-2)/(-9) - (-133)/9. Calculate the highest common divisor of p and j.
15
Let y be (-2)/26 - 11480/(-520). Let h be -1*(0 + -2 + -9). What is the greatest common factor of h and y?
11
Let c(i) = -i**3 + i**2 - 2*i - 1. Let j be c(2). Let o = j + 17. Calculate the greatest common factor of o and 40.
8
Let j be 23/5 + 6/(-10). Calculate the highest common divisor of 16 and j.
4
Let h = -74 - -43. Let p = h + 55. Let s(i) = -5*i + 1. Let a be s(-3). What is the greatest common divisor of a and p?
8
Let h be ((-93)/15 + 3)/(4/(-100)). What is the highest common divisor of 10 and h?
10
Let w(i) = -11*i**3 + 2*i**2 + 2*i + 1. Let u be w(-1). Suppose -3*j + u = -0*j. Suppose x + 3 = j. Calculate the highest common divisor of 4 and x.
1
Let r = -51 + 95. Let b = 117 + -80. Suppose -b = -4*z + 7. Calculate the highest common factor of z and r.
11
Let a(l) = -l + 7. Let c be a(-8). Suppose -22 = -2*i - 12. What is the greatest common factor of c and i?
5
Let w = 72 - 12. Suppose -s = 2*s - w. Suppose -5*l = 3*p - s, 2*p + 11 = 1. What is the greatest common factor of 1 and l?
1
Let x be (1 + 0 + -2)*0. Suppose r + m - 95 = x, -191 = -r - r - m. What is the greatest common factor of 12 and r?
12
Let g = 141 + -245. Let w be (g/10)/((-3)/15). Suppose -5*c + w = -3*c. What is the highest common divisor of 13 and c?
13
Let l be ((-4)/12)/1 + (-158)/(-6). What is the greatest common factor of l and 13?
13
Let s = 23 - 21. What is the greatest common divisor of s and 3?
1
Let k = 43 - 19. What is the highest common factor of k and 60?
12
Let q be (-1212)/9*6/(-4). Let v = -81 + q. What is the highest common divisor of 11 and v?
11
Let t be (-3*1)/((-33)/176). What is the greatest common divisor of 176 and t?
16
Let w = 647 - 192. Suppose 133 + w = 6*v. Calculate the greatest common factor of 14 and v.
14
Suppose 3*q + 15 = -0. Let a be 3 + 85 + (-20)/q. Suppose -u = -2, 0*y - 3*u = 3*y - 75. Calculate the highest common factor of y and a.
23
Let v(l) = 3*l**3 + l. Let i be v(1). Let d be ((-21)/i)/(6/(-16)). Calculate the greatest common factor of 35 and d.
7
Suppose 2*s - 12 = 12. Let h = 168 + s. What is the greatest common divisor of 20 and h?
20
Suppose 63*g = 65*g - 476. What is the highest common divisor of g and 14?
14
Let f(p) = p**3 + 10*p**2 + p + 14. Let c be f(-10). Suppose -2*q + 0*q = -148. Let v = q - 46. Calculate the highest common divisor of c and v.
4
Let h(k) = k**3 + 11*k**2 - 2*k + 1. Let c be h(-11). What is the highest commo